tors of r/6 + (0 - -23)?
3, 7
Suppose 0 = p - 0 - 1. What are the prime factors of (-84)/(-4) - (-2 - p)?
2, 3
Suppose 4 = -2*o, 2*j = -j - 4*o + 1. Suppose 3*m - 2*l - 74 = -2*m, 3*m + j*l = 57. List the prime factors of m.
2
Let z(q) = -q + 8. Let i be z(6). Suppose -44 = -7*a + i*a + 3*h, a - 3*h = 16. List the prime factors of a.
7
Suppose -290 = -5*a + 3*p - p, 0 = -4*p - 20. Suppose -o + 2*o = a. Suppose 4 = -4*r + o. What are the prime factors of r?
13
Let l = 16 + -11. Suppose 3*n - 37 = n - p, -5 = l*p. List the prime factors of n.
19
Suppose 2 = -5*r + 6*m - 2*m, 2*r + 3*m - 13 = 0. List the prime factors of (4/6)/(r/54).
2, 3
Let m = 27 - 15. List the prime factors of m.
2, 3
Let q(y) = -4*y**3 - 10*y**2 - y + 9. List the prime factors of q(-4).
109
Suppose -2*l - 22 = -w, w + 10 = 4*l + 28. What are the prime factors of w?
2, 13
Suppose 4 + 8 = 4*f - 4*l, 5*f = 2*l + 18. Suppose 2*r - f*c - 92 = 0, 3*c = 3*r - 97 - 38. Suppose -7*j + r = -3*j. What are the prime factors of j?
11
Let r be (10/6 + -1)*-6. Let i be 2/r + (-17)/2. Let t = -5 - i. What are the prime factors of t?
2
Suppose 3*j - 37 = -2*b, -b + 76 = 4*j - 5*b. What are the prime factors of 1/(-3) - (-365)/j?
2, 3
Let d(k) = 2*k**2 - k + 2. Let f be d(4). Suppose 3*h - 8 = 1, -u - h = -f. List the prime factors of u.
3
Suppose -2*g - g - 54 = 0. What are the prime factors of g*1/((-9)/6)?
2, 3
Let s = -4 + 4. Suppose s = -5*f - 4 + 24. List the prime factors of f.
2
Suppose -30 = -0*k + 2*k. Let j = -7 - k. List the prime factors of j.
2
Let x(s) = 2*s + 46. List the prime factors of x(6).
2, 29
Suppose -8*s = -5*s - 3*l - 726, -698 = -3*s - 4*l. List the prime factors of s.
2, 7, 17
Let b(i) = i**2 - 3*i - 6. Let d be b(5). Suppose -d*g - 4*t + 16 = 0, 5 = -2*t - 1. Let j = -4 + g. List the prime factors of j.
3
Let s be (-142)/(-9) + 6/27. List the prime factors of (-298)/(-8) + 12/s.
2, 19
Let p(n) = -n**3 + 7*n**2 + 10*n - 9. Let h be p(8). Suppose 3*x - h*x - 3*a = 569, x = 5*a - 171. What are the prime factors of x/(-12) - (-2)/(-12)?
2, 3
Let t = 6 - 7. Let n = t - -6. List the prime factors of n.
5
Let c(y) = -1 + 6 + 2*y - y. What are the prime factors of c(0)?
5
Suppose -2*p = -b - 727, -4*b - 1810 = 10*p - 15*p. List the prime factors of p.
2, 3, 61
Let f be (3 + -4 + -1)*-2. Let p = 8 + f. List the prime factors of p.
2, 3
Let z = -77 + -205. What are the prime factors of (-2)/6 - z/9?
31
Suppose c + c = 66. List the prime factors of c.
3, 11
Let t = 29 + -27. Suppose 0*p = 2*a + p - 11, -5*a + t*p + 23 = 0. What are the prime factors of a?
5
Let y(g) = -g**2 + 7*g. Let m be y(5). Suppose d + m = 6*d. List the prime factors of -1 - (1 + (-7 - d)).
7
Let h(v) = 6*v - v - v. Let b be h(-6). Let d = b - -35. List the prime factors of d.
11
Suppose -5*c = -9*c. Suppose r - 1 = -c*r. What are the prime factors of (2/(-4))/(r/(-38))?
19
Let t(u) = u**2 - 5*u + 3. Suppose -4*s - 18 = -m - 0*s, -m - s + 3 = 0. Let x be -1*m/4*-4. What are the prime factors of t(x)?
3
Suppose 0 = 4*c - 53 + 169. Let g = -11 - c. List the prime factors of g.
2, 3
Let l be 1 - -1 - 1*2. Let q be l/(-1 + -2) - -2. List the prime factors of 4 - (-2 + q + -2).
2, 3
Let y(u) = -u + 22. Let k(v) = -v - 4. Let r be k(-4). List the prime factors of y(r).
2, 11
Let r(h) = 2*h**2 - 2*h + 1. Suppose -8 = 4*v - 3*i, -4*v + 2 = 2*i + 10. List the prime factors of r(v).
13
Suppose 10*g - x = 5*g + 30, 0 = g - 5*x - 6. List the prime factors of -5*(-1 + g/(-3)).
3, 5
Let a be -2 + 2 + 1 + -1. Suppose a = -3*r + r + 42. What are the prime factors of r?
3, 7
Suppose 5*r - b = -0*b + 533, 0 = -3*b + 6. List the prime factors of r.
107
Let w = 20 + 25. What are the prime factors of w?
3, 5
Let v be 6/18 - (-17)/3. Suppose -d + 14 = -v. List the prime factors of d.
2, 5
Suppose -2 = a - 4. List the prime factors of a/(-10) + (-384)/(-20).
19
Let c = 50 + 24. What are the prime factors of c?
2, 37
Let t(l) = -l**2 + 6*l - 5. Let o(f) = f**2 - 4*f - 7. Let z be o(6). Let i be t(z). Let b(h) = h + 10. List the prime factors of b(i).
2, 5
Suppose -2*r = -7*r + 145. What are the prime factors of r?
29
Let m(r) = -r**3 + r**2 - 2*r + 5. Let l be m(3). Suppose 2*d - d = -7. Let f = d - l. List the prime factors of f.
2, 3
Suppose 4*o - 24 = -r - r, 4*o + r - 20 = 0. Suppose 90 = 2*a + 2*c, o*a - 5*c - 89 = 82. What are the prime factors of a?
2, 11
Suppose -8*o = m - 5*o - 76, 284 = 3*m - 5*o. List the prime factors of m.
2, 11
Suppose -l + 5 = -0. Suppose l*s + 5 = -5. List the prime factors of (s/(-4))/(2/36).
3
Suppose 0 = -z + 4 + 28. What are the prime factors of z?
2
Suppose -w = 0, -4*w - 12 = -5*p + 8. Suppose 0 = p*y - 8*y + 44. List the prime factors of y.
11
Suppose -3*c = -5*c + 6. Suppose -19 = -5*h + c*f, 5*f - 5 = 5. Suppose 3*p + 40 = 4*g - 23, -g + h*p + 37 = 0. What are the prime factors of g?
2, 3
Let m = -32 + 19. Let h = 15 + -40. Let j = m - h. List the prime factors of j.
2, 3
Let u be 294/9*3/2. Suppose v - 4*w - 7 = -0*v, 4*v + 5*w = u. What are the prime factors of v?
11
Suppose 0*s = 5*s - 15. Suppose 0 = -s*a + 8 + 16. What are the prime factors of a?
2
Let f(h) = -h**3 - 2*h**2 + 3*h - 3. Let q = -15 - -11. What are the prime factors of f(q)?
17
Let k(c) be the third derivative of c**6/120 - c**5/12 + c**4/6 + 4*c**3/3 - 5*c**2. What are the prime factors of k(5)?
2, 7
Let t = 410 - 275. List the prime factors of t.
3, 5
Suppose -w - w = 24. Let v = w + 7. Let i = 8 + v. What are the prime factors of i?
3
Let f(o) = -o + 1. Let j be f(-9). Let y = j - 1. What are the prime factors of y?
3
Let q = 3 + 28. What are the prime factors of q?
31
Let z = 6 + -8. Let p be -6*((-6)/9 - z). List the prime factors of 1 - (p + 2/2).
2
Let o(i) = -i + 5. Let b be o(3). Let q(g) = 3*g**3 + 2*g**2 - g + 2. What are the prime factors of q(b)?
2
Let n(w) = w - 5. Let q be n(3). Let c be 2/1 + q + 2. What are the prime factors of 12/c*(-4)/(-3)?
2
Let b = -1 - -3. Let p = 2 + -2. Suppose -b*z + 27 - 11 = -v, p = v + 2. List the prime factors of z.
7
Let p(g) = g**2 - g + 1. Let v be p(0). List the prime factors of 17/(v + (-2 - -2)).
17
Let x be (-9)/(-12) + (-2)/(-8). Let b(d) = 2*d**2 + d. Let w be b(x). Suppose p = -i + 21, 0 = -2*p + w*p - 4. What are the prime factors of i?
17
Suppose 0 = 3*s - s + 18. Suppose -5*d + 4*u + 81 = 0, -12 = 4*u + 4. Let y = s + d. List the prime factors of y.
2
Suppose -x + 0*x + 26 = 0. Suppose -2*n - x = -3*t - 2*t, -4*t = -16. List the prime factors of ((-10)/4 - n)*18.
3
Let d be (-6)/(-2) - 12/(-12). Suppose -c = 3*c - 4. List the prime factors of (4/d)/(c/4).
2
Let k = -21 - -4. Let u = k + 31. List the prime factors of u.
2, 7
Let q(i) = -i**2 + 7*i + 10. List the prime factors of q(6).
2
Suppose 4*c = -4*d + 320, -c = -3*c - 5*d + 151. List the prime factors of c.
83
Let u = 3 - -5. List the prime factors of u.
2
Let c = 102 - 34. What are the prime factors of c?
2, 17
Let h(n) = 9*n**3 - n**2 + n - 1. Let d be h(1). What are the prime factors of 26/d*6*2?
3, 13
Let o(i) = -104*i - 20. List the prime factors of o(-2).
2, 47
Let k = -7 - -13. Let v = k + -14. Let y = v - -20. List the prime factors of y.
2, 3
Let a be (0 - 1) + 1 + -1. What are the prime factors of a/(2/(-40)) - 1?
19
Let p(u) = 3*u**3 - 2*u**2 - u + 2. Let s be (-16)/(-6) - 12/18. What are the prime factors of p(s)?
2
Let u(p) be the first derivative of 3*p**2/2 + 3*p + 2. Suppose 0 = 5*q - 8*n + 3*n - 10, 4*q - 3*n - 9 = 0. What are the prime factors of u(q)?
2, 3
Suppose -38 = -0*s - 3*s - 4*u, -2*s + 24 = 2*u. List the prime factors of s.
2, 5
Let p(s) = -3*s - s + 1 - 9*s. List the prime factors of p(-2).
3
Suppose 32 = 2*y + 2*y. Let v be (-1)/(-4) + 198/y. Suppose 0 = -4*z + 15 + v. What are the prime factors of z?
2, 5
Let u(v) = -180*v + 3. List the prime factors of u(-2).
3, 11
Suppose -15 = -2*s - 3*s. Suppose -s*t = -t - 12. What are the prime factors of t?
2, 3
Let k(j) = -5*j + 6. List the prime factors of k(-5).
31
Let b be -1*(1 + 0)*-5. Suppose 3*t - b = d + 5, 4*d = 4*t - 8. Suppose 2*v = d, 3*l - 33 - 8 = 4*v. List the prime factors of l.
3, 5
Let h be -3 - 0 - (-6)/(-2). Let q be 1/(-3) - 20/h. Suppose 0 = -q*y - 2*y + 25. What are the prime factors of y?
5
Let v(c) = 